 + m**5/30 - m**4/12 + 7*m**3/3 + 109*m**2. Let a(j) be the first derivative of d(j). Calculate a(-4).
14
Let o(m) = 6*m**3 + 29*m**2 + 9*m + 12. Let y(b) = b**3 + 3*b**2 - b + 1. Let t(k) = -o(k) + 5*y(k). Determine t(-13).
6
Let n(a) = a**2 - 4*a + 2. Let q(p) = -61*p + 131. Let x be q(2). Give n(x).
47
Let f(s) = -10*s**2 - 15*s + 11. Let x(z) = 5*z**2 + 8*z - 6. Let b(j) = 6*f(j) + 11*x(j). Suppose 537*y + 202 = 436*y. Determine b(y).
-16
Let h(r) = -3*r**3 - 4*r**3 + 8 - 3*r**3 + 12*r**3 - 24 + 21*r**2 - 39*r. Let w(o) = -o**3 - 10*o**2 + 18*o + 8. Let f(z) = -3*h(z) - 7*w(z). What is f(-8)?
0
Let b = 2121 - 2099. Let a(o) = o**3 - 22*o**2 - 2*o + 24. What is a(b)?
-20
Let w(s) be the first derivative of s**4/4 - 4*s**3/3 - s**2 + 4*s + 3. Let f be ((-56)/(-126))/((-10)/(-1080)*12). Determine w(f).
-4
Let q(w) be the second derivative of -8*w**3/3 - 3*w**2/2 - 9*w + 20. Give q(-1).
13
Let o(l) = 4 - 4 - 3*l**2 + 42*l + 7. Let m be o(14). Let p(y) = y**2 - 8*y + 7. What is p(m)?
0
Let i = -309 + 328. Suppose -2*o - i + 5 = 2*g, -5*g = 3*o + 17. Let p(s) = -4*s - 7. Give p(o).
29
Let f(m) be the first derivative of -6*m + 1/3*m**3 + 5/2*m**2 - 25. Determine f(4).
30
Let h(b) = -25*b + 46 - 26*b + 66*b - 18*b. Determine h(18).
-8
Let q(z) be the second derivative of z**4/2 + 107*z**3/6 - 12*z**2 - 32*z - 178. Calculate q(-18).
-6
Let a(w) = 10*w - 13. Let n(r) = 4*r - 6. Let b(o) = -3*a(o) + 7*n(o). Suppose -821*x + 147 = -842*x. Give b(x).
11
Let c(h) be the third derivative of h**6/120 + h**5/10 + h**4/8 + h**3/2 - 9*h**2 + 162*h. Calculate c(-4).
23
Let w(u) = -u**2 - 17*u + 65. Let f(m) = m**2 + 19*m - 60. Let q(z) = 4*f(z) + 3*w(z). Determine q(-27).
9
Let m(f) = -2*f**2 + 5. Let h(w) = -3*w**2 + 9. Let j(z) = -6*z - 39. Let i be j(-7). Let x(k) = i*h(k) - 5*m(k). Let y be (-1 - -2)*(-1 - -3). Give x(y).
6
Suppose 29*u + 107*u - 414 = -2*u. Let z(o) = o**3 - o**2 - 2*o - 12. Give z(u).
0
Let q(y) = y + 1. Let r(i) = 2*i**2 - 6*i - 15. Let z be r(10). Let f = z + -86. Let l = 37 - f. Give q(l).
-1
Let b(k) = -3*k**3 - 5*k + 12. Let y = 18055 + -18053. Determine b(y).
-22
Let s = -62621/6 + 10438. Let a(j) be the second derivative of 7/12*j**4 - j**2 + 1/20*j**5 + 0 - 12*j + s*j**3. Determine a(-6).
-8
Suppose 2*h + 3*n = 16, -n + 5*n - 14 = h. Suppose j = -3*k + 2, 6*k - j = 2*k - h. Let p(z) = -z**2 - z - 12. What is p(k)?
-12
Let f(j) be the first derivative of j**4/4 + 4*j**3/3 + j**2/2 - 3*j - 3. Suppose -2278*w - 184 = -2232*w. What is f(w)?
-7
Suppose -3*k - 2*k + 28 = -4*h, 5*h = -2*k - 2. Let j(l) = -4*l**2 + 48*l + 964. Let d(q) = q**2 - 16*q - 362. Let p(f) = -8*d(f) - 3*j(f). What is p(k)?
4
Suppose 45*t + 1075 = -860. Suppose 0 = -2*b - b + 5*z + 91, 3*b - 2*z - 103 = 0. Let f = t + b. Let c(y) = -y**3 - 6*y**2 - y - 5. What is c(f)?
1
Let h(w) be the third derivative of -w**5/60 - 7*w**4/12 + w**3 + 1060*w**2. Give h(-14).
6
Let n be ((-18)/(-42) - 0) + 11764/7. Let k = 1670 - n. Let o(x) = 13*x**2 + 0*x + x + x**3 + 7 - 2*x**2. What is o(k)?
-4
Let b(j) be the third derivative of j**4/12 - j**3/2 - 520*j**2. Determine b(13).
23
Let g(q) = -q**3 + q**2 + 2*q + 3. Let b = -63 + 54. Let u(a) = -a - 6. Let v be u(b). Give g(v).
-9
Let j = 18779 - 18759. Let o(w) = -4*w + 91. What is o(j)?
11
Suppose 460*r - 491*r = -93. Let b(u) be the first derivative of -7*u**2/2 + u + 1. Give b(r).
-20
Let d(t) = 3*t + 17. Let c = -4241 + 4244. Determine d(c).
26
Let y(z) = 11*z - 6*z**2 + 4623 - 3*z + z**3 - 4626. Calculate y(5).
12
Suppose 2*y + 1 = 3*p, -2*p - 37*y + 36*y + 3 = 0. Let i(j) = 8*j**2 + 20*j - 19. Calculate i(p).
9
Let f(j) = 2*j**2 - 33. Let r = 12927 - 12931. Determine f(r).
-1
Suppose 11 = 2*b - b. Suppose -8*q = -b - 77. Let g(n) be the first derivative of -n**3/3 + 6*n**2 - 5*n - 22. Give g(q).
6
Let w(o) = -4*o - 5. Let z be 3*(70/(-5))/1. Let f be 72/z*(-5 + 68/8). What is w(f)?
19
Let i(p) = p**2 - 3*p - 3. Let c(b) = 8*b**2 + 3*b + 1. Suppose -m + 2*m + 1 = 0. Let v be c(m). Let o be (-15)/(-2)*(-1)/v*-4. What is i(o)?
7
Let z(d) = -d - 10. Let h be z(-13). Let b(v) = v + 7 + v**h + 103*v**2 - 46*v**2 - 50*v**2. Determine b(-7).
0
Let j(k) = -k**2 - 7*k - 5. Let q = -47 + 99. Let m = q - 59. Let n be j(m). Let t(v) = 2*v + 3. Give t(n).
-7
Let q = 82 + -83. Let x(o) = -o**3 - 11*o**2 + o - 7. Let a(s) = s**2 - s + 1. Let f(w) = q*x(w) - 5*a(w). What is f(-2)?
10
Let b(v) = 290 - 8*v - 300 + 17*v - 8*v. Give b(13).
3
Suppose 11*h + 141 = 12*h. Let v(l) = 5*l - l**3 - 136 + 3*l**2 - h + 276 - 2*l. Give v(3).
8
Let r(y) = -7*y + 9. Let x = -2528 + 2533. Calculate r(x).
-26
Let p(q) be the first derivative of 10/3*q**3 - 98 + 7*q - 1/4*q**4 - 9/2*q**2. Give p(9).
7
Let b(n) = 4*n**2 - 3*n - 10. Let k(v) = 48*v + 237. Let x be k(-5). Determine b(x).
35
Suppose 0 = -6*d - 4*d + 40. Suppose 4*q + d = 6*q. Let t(b) = 1 - 2 + q + b. What is t(-6)?
-5
Let k(d) = 8*d**3 + 20*d**2 - 19*d - 12. Let n(m) = 7*m**3 + 21*m**2 - 16*m - 11. Let v(r) = 5*k(r) - 6*n(r). Give v(-13).
-7
Let o = -95 - -100. Let q(n) be the second derivative of -n**4/12 + n**3/3 + 9*n**2/2 + 73*n. Calculate q(o).
-6
Let j = -25181 + 25180. Let a(y) = 25*y + 5. Determine a(j).
-20
Let w(v) be the third derivative of v**5/30 + 17*v**4/12 + 70*v**3/3 - 448*v**2. Determine w(-11).
8
Let i be (-109 + 112)/(-2 - -1). Let m(g) = g**2 + 2*g + 6. Calculate m(i).
9
Let f(c) = c**3 - 5*c**2 - c - 7. Suppose 3216 = -965*p + 959*p. Let h = 541 + p. Calculate f(h).
-12
Let i(v) = -v**2 + 11*v + 7. Let x be i(12). Let d = -30 - -32. Let g be ((-5)/x)/(d - 1) - 6. Let t(o) = -o - 7. Give t(g).
-2
Let g(j) = 2*j**3 + 2*j**2 + 8*j - 20. Let v be g(0). Let m(x) = -x - 20. Calculate m(v).
0
Suppose 0 = -4*u - 4*j + 48, 21*u - 9 = 22*u - 2*j. Let r(s) be the first derivative of 0*s - s**3 + u + 3/2*s**2. Calculate r(2).
-6
Let l be (15/42)/((-87)/(-1218)). Let b(y) = y**2 - 7*y. Give b(l).
-10
Let d(q) be the second derivative of -q**6/720 - q**5/30 - 19*q**4/12 - 83*q. Let c(p) be the third derivative of d(p). Suppose -3*z + z = -14. Give c(z).
-11
Suppose -5*h + 40 - 10 = 0. Suppose -m + 7 = h. Let w be 8/14 + (44/(-28) - m). Let k(z) = 4*z**2 + 2*z - 2. Calculate k(w).
10
Suppose -12 = 3*n - 0*n, -5*l + 1 = -4*n. Suppose -10 = 11*z - 6*z. Let c be (l/z)/(0 - 3/(-8)). Let o(h) = -h - 2. What is o(c)?
-6
Let y be (21/(-42))/((-1)/6 - 0). Let q(g) = 1 + 16*g**2 + 5*g**y - 3*g + 0*g - 13*g**2. Let z be q(1). Let r(w) = w**2 - 5*w + 7. Calculate r(z).
13
Let d(z) = -z**2 + 2*z - 5. Let w = 80 - 76. Suppose -11 = -4*c - 5*h, -2*c - w*h + 2 = -2. Give d(c).
-13
Let x(s) be the third derivative of 0*s + 1/12*s**4 - 1/6*s**3 - 119*s**2 + 0. Give x(1).
1
Suppose -6 = -3*z + 7*t - 9*t, 0 = -5*t. Suppose h - 27 = 10. Let p(v) = 72*v - h*v - 3*v**2 - 35*v - 2. Calculate p(z).
-14
Let t(i) = -4*i**3 + 6*i**2 - 2*i + 2. Let u(z) = -5*z**3 + 7*z**2 - 2*z + 2. Let k(s) = 4*t(s) - 3*u(s). Let c be -6*(24/(-9))/4 + -1. Determine k(c).
-4
Let c = 333 - 28. Let n = -308 + c. Let q(p) = -p**3 - 4*p**2 - 1. What is q(n)?
-10
Let v(k) = 5*k + 9*k - 80 + 0*k - 35 + 51. Calculate v(5).
6
Let r(u) be the third derivative of 0*u + 83*u**2 - 5/3*u**3 + 0 - 1/24*u**4. What is r(-8)?
-2
Suppose -5*o + 15 + 15 = 5*c, 11*o - 2*c - 66 = 0. Let s(v) = 9 - 2*v - 4*v + 4*v. Calculate s(o).
-3
Suppose -33*z = 6*z + 99*z - 138. Let o(y) = -78*y**2 + 9*y - 9. Calculate o(z).
-78
Let r(d) = d**2 + 10*d + 5. Suppose 29*a = 25*a + 24. Suppose -84 = a*q - 30. Determine r(q).
-4
Let d(c) = c - 1. Let o(a) = a - 8. Let x be o(9). Let u(y) = 2. Let g(k) = x*d(k) + 4*u(k). Calculate g(-6).
1
Let q(t) = 72*t - 286*t + 72*t + 73*t + 44 + 66*t. Calculate q(20).
-16
Suppose 4*x - 4 = -5*i, -2*x + 35 = -2*i + 51. Let j(y) = 12*y + 5. What is j(i)?
53
Let d be (456/30)/((-88)/(-110)). Let r(g) = g**2 - 19*g - 8. What is r(d)?
-8
Let j(d) = -104 - 3*d - 102 + 0*d + 7*d + 156. Give j(-9).
-86
Suppose 5*l = 2*o + 13, 25*o = 2*l + 21*o - 18. Let b(s) = -4*s**2 + 12*s - 12. Calculate b(l).
-4
Let x be (3 - 9) + 9/(-3). Let a(s) = -9*s**2 - 82*s - 10. Let z be a(x). Let g(b) = 7*b + 3. Determine g(z).
-4
Let y be (0 + 1)/(-1) + 6/2. Let n(g) = -119*g + 240*g - y - 124*g. Determine n(2).
-8
Let l(b) be the third derivative of 4*